 = -2*i + 1. Let o be j(v). Suppose 7 = c - o. What is the greatest common divisor of 9 and c?
9
Let f be (36/21)/((-6)/(-21)). Suppose -f = -2*y + 4. What is the greatest common divisor of 5 and y?
5
Suppose 0*r + 2*r = 64. Calculate the highest common divisor of r and 4.
4
Suppose 42*l - 231 = 39*l. Suppose -3*t + 4*s = -0*t - 38, 0 = s + 5. Let k be ((-7)/(-2))/(3/t). Calculate the greatest common divisor of k and l.
7
Let r = 0 - -16. Calculate the greatest common divisor of r and 176.
16
Let h(t) = -15*t - 4. Let p be h(-1). What is the greatest common factor of 44 and p?
11
Suppose 2 = -z + 2*z, -z - 70 = -3*v. Let g = v + 0. Calculate the greatest common divisor of g and 8.
8
Suppose 0 = z - 4*q - 26, -2*q = -5*q - 9. Let a = -88 + 123. What is the greatest common factor of a and z?
7
Let c be 9/3 - (0 + 1). Suppose 0*s + 3*k = -2*s + 18, 10 = s + c*k. What is the greatest common factor of 18 and s?
6
Let s = -2 - -3. Let f(y) = 44*y + 1. Let x be f(s). What is the highest common factor of 5 and x?
5
Let i(r) = 2*r**3 + 11*r**2 + 6*r. Let f be i(-4). Calculate the highest common divisor of 216 and f.
24
Let y be 4/(3 + -1) - -82. Calculate the greatest common factor of 21 and y.
21
Let r(x) = -x**2 + 10*x + 14. Let q(f) = -4*f**2 + 29*f + 42. Let j(l) = 2*q(l) - 7*r(l). Let m be j(-10). Calculate the highest common divisor of m and 60.
6
Let l = 82 + 100. What is the greatest common divisor of l and 52?
26
Let s(h) = h**2 - 3*h + 2. Let d be s(3). Calculate the greatest common divisor of 18 and d.
2
Let u = -2 + 2. Suppose -k = 3 - u. Let v(q) = -2*q**3 - 4*q**2 - 2. Let n be v(k). Calculate the highest common divisor of 4 and n.
4
Let p = 109 + -55. Calculate the highest common factor of p and 72.
18
Let f be (-5)/(5/12)*40/(-3). Calculate the highest common factor of 10 and f.
10
Let g be (1 - -17) + 2 + (-2 - -2). What is the greatest common factor of g and 20?
20
Suppose -u + 5*n = -0*u - 140, -2*n = 3*u - 505. Calculate the highest common factor of u and 15.
15
Suppose -5*d = -17 - 123. Let h = 48 + -44. What is the highest common factor of h and d?
4
Suppose 4*i - 26 = a + 13, 3*i + 3*a - 33 = 0. What is the greatest common factor of 4 and i?
2
Let g be 8*3*(-1)/(6/(-9)). What is the highest common divisor of 8 and g?
4
Let b(n) be the second derivative of 3*n**3/2 - 4*n**2 - 2*n. Let w be b(7). Let f be -2*1 - 1*-24. What is the highest common divisor of f and w?
11
Let m be (6/8)/(2/40). Let t be (4/6)/(10/m). Suppose 0 = 5*h - 4*h - 7. Calculate the highest common factor of h and t.
1
Let w be 2/1 + 9 + 5. Suppose 4*z - w = 3*z. What is the highest common divisor of 16 and z?
16
Let h be 7 - (0/1 + -1). Suppose -4*r = -4*q - 9*r, 17 = 5*q + 2*r. Suppose -q*y = -3 - 17. Calculate the greatest common factor of h and y.
4
Let q be (182/21)/((-2)/(-6)). What is the greatest common divisor of q and 130?
26
Suppose -5 = -l - 3*d + 6*d, 0 = -4*l + 2*d + 20. What is the highest common factor of l and 5?
5
Let v be (-4)/((2/(-6))/((-26)/(-6))). Suppose 3*o + 32 + 10 = 0. Let w = o - -27. Calculate the highest common divisor of v and w.
13
Let h(n) = n**3 - 19*n**2 + 16*n + 43. Let x be h(18). Calculate the highest common factor of 77 and x.
7
Suppose -5*u = -3*g - 7 - 9, -g = 3*u - 18. Let o(s) = s**3 + s**2 - s + 7. Let r be o(3). Calculate the greatest common divisor of r and u.
5
Let b(t) = 3*t - 3. Let s be b(7). Suppose 0 = 2*w - 4*w + 4. What is the greatest common factor of w and s?
2
Suppose 5*z + 12 = -23. Let q(t) = -t**3 - 6*t**2 + 3*t - 10. Let l be q(z). Calculate the highest common divisor of l and 45.
9
Suppose -4*v + 121 = -23. Let u = 75 - -15. Calculate the highest common divisor of v and u.
18
Let s = 145 + -129. Let b be (1 + 0)/(-1) + 5. What is the greatest common divisor of b and s?
4
Suppose -3*r - 2*u + 169 = 0, 2*u - 5 = -1. Calculate the greatest common factor of r and 5.
5
Let h = 12 - 27. Let k = h - -27. Calculate the greatest common divisor of 120 and k.
12
Suppose -3*q + 12 = 3*p, -q + 8 = 3*p + 2*p. Suppose 0*j - j + 5 = 0. Suppose -4*w - 1 + j = 0. What is the highest common factor of w and q?
1
Suppose -6*y - 48 = -10*y. Let t be ((-42)/(-2))/(y/8). Let k = -128 - -212. Calculate the greatest common divisor of t and k.
14
Let g(i) = -i**3 - 2*i**2 + 4*i - 3. Let u be g(-6). Let p be (2/6)/(3/u). Suppose 2*b - 119 - 167 = 0. What is the highest common factor of p and b?
13
Let b be (-6)/4*4/(-3). Let u(i) = -2*i - 1. Let o be u(-3). Let s(r) = 4*r + 2. Let j be s(o). Calculate the greatest common divisor of j and b.
2
Let v(b) = 9*b**2 + 2. Let z be v(-2). Let o = 21 + -29. Let a be (4/o)/(1/(-38)). Calculate the greatest common factor of z and a.
19
Suppose 8*m - 87 - 137 = 0. Calculate the highest common factor of 168 and m.
28
Suppose -292 = 3*p - 7*p + 4*z, 0 = 4*p + z - 267. Calculate the greatest common divisor of p and 51.
17
Suppose -h - 75 = -6*h. Calculate the greatest common divisor of 5 and h.
5
Suppose -o = -5*x + 324, x - o = o + 63. Suppose 0 = -4*n - 22 + 66. Let q = 2 + n. Calculate the highest common divisor of q and x.
13
Let b be (54/(-7))/((-2)/14). Let g be ((-4)/(-6))/(12/b). Suppose u = 3*z + 7, -5*z = -2*u + 4*u + 8. Calculate the highest common divisor of g and u.
1
Let q(h) = -h - 2*h + 2 - 2*h. Let o(s) = s + 1. Let w(r) = 4*o(r) + q(r). Let g be w(-6). What is the highest common factor of g and 72?
12
Let n be ((-3)/((-3)/(-14)))/(-1). Let d = -3 - -8. Suppose 3*c - 126 = f, -2*c + 84 = 2*f - d*f. Calculate the greatest common divisor of n and c.
14
Let d(w) = -2*w - 5. Let o be d(-8). Let a = -383 + 541. Suppose -227 - a = -5*n. What is the highest common divisor of o and n?
11
Let m = -47 - -203. What is the greatest common divisor of m and 26?
26
Suppose 3*d = -171 - 30. Let h = 139 + d. Calculate the greatest common divisor of 9 and h.
9
Suppose -2*n = -4*n + 42. Calculate the highest common divisor of n and 63.
21
Let r be (-62)/(-14) + 12/(-28). Suppose 2*l + r = 14. What is the greatest common divisor of 10 and l?
5
Let k(l) = 6*l + 1. Let g be ((1 - 1) + 2)/(-2). Let d(x) = x - 1. Let t(n) = g*k(n) - 5*d(n). Let c be t(-4). Calculate the greatest common divisor of 6 and c.
6
Let s be 1*-1 - (36 - 0). Let w = -22 - s. Let n = 26 + -11. Calculate the highest common factor of w and n.
15
Suppose -99 = -3*x + 15. What is the greatest common factor of x and 95?
19
Suppose b + 3 = -2*s, -3*b - 4 = -5*b + s. Calculate the greatest common factor of b and 1.
1
Let a = 34 - -78. Let d = -66 + a. What is the highest common divisor of d and 115?
23
Let c = -6 + 9. Let d = 9 + -4. Suppose -d*j - i + 12 = 0, 4*j + 2 = 3*j + 2*i. Calculate the highest common divisor of c and j.
1
Suppose -3*k = -7 - 5. Let z(a) = -a + 5. Let l be z(k). What is the greatest common factor of 1 and l?
1
Let o(l) = 2*l - 2. Let y(q) = 1. Let z(f) = -o(f) - 5*y(f). Let c be z(-4). What is the highest common divisor of c and 40?
5
Let j be 0 + (-2 - -1 - -3). Suppose j*i + 128 = 7*i + 4*s, 0 = -i + s + 22. Calculate the greatest common factor of i and 8.
8
Let r(v) = -v**3 + 7*v**2 - 5*v - 3. Let f be r(6). Suppose -3*m + 9 + 18 = 0. What is the highest common factor of f and m?
3
Suppose -3*u = -15 + 6. Suppose 1 = -2*p + u. What is the highest common divisor of p and 11?
1
Suppose 1 = -z - 7. Let a be (-1018)/z + (-9)/(-12). Let l = -11 + 27. What is the highest common factor of l and a?
16
Suppose 0 = 5*i - 23 - 7. Calculate the highest common factor of i and 12.
6
Suppose 5*j + 44 = 2*v - v, -2*v + j + 52 = 0. What is the greatest common divisor of v and 216?
24
Let s(a) = a**3 - a**2 - 2*a + 1. Let v = 0 + 2. Let l be s(v). Let j be 4/l + -2 + 2. What is the highest common divisor of j and 12?
4
Let m(u) = 5*u - 13. Let k be m(-14). Let t = -44 - k. What is the greatest common factor of 13 and t?
13
Suppose 0*p + 46 = -4*p - 3*g, -p - 3*g - 16 = 0. Let m be 2/(-6) + 312/18. Let z = p + m. What is the highest common divisor of 1 and z?
1
Suppose -5*o + 59 = -181. Suppose -2*f + 4*r + 8 = 0, r + 3*r + 20 = 3*f. Calculate the greatest common divisor of o and f.
12
Suppose 11*t + 280 = 2711. What is the greatest common divisor of t and 17?
17
Let h(q) = 27*q**2 + 2. Let x be h(-4). Let d = -309 + x